, 29
List the prime factors of 48014.
2, 24007
What are the prime factors of 42228?
2, 3, 17, 23
What are the prime factors of 119846?
2, 31, 1933
What are the prime factors of 1041?
3, 347
What are the prime factors of 182?
2, 7, 13
List the prime factors of 515.
5, 103
List the prime factors of 25288.
2, 29, 109
List the prime factors of 314.
2, 157
What are the prime factors of 35885?
5, 7177
What are the prime factors of 1475?
5, 59
List the prime factors of 1048.
2, 131
List the prime factors of 49931.
7, 1019
What are the prime factors of 101571?
3, 33857
What are the prime factors of 1951?
1951
List the prime factors of 451.
11, 41
What are the prime factors of 131563?
17, 71, 109
List the prime factors of 1755.
3, 5, 13
List the prime factors of 6852.
2, 3, 571
What are the prime factors of 2146?
2, 29, 37
What are the prime factors of 331?
331
List the prime factors of 90.
2, 3, 5
What are the prime factors of 162?
2, 3
List the prime factors of 10793.
43, 251
List the prime factors of 13229.
13229
List the prime factors of 1253.
7, 179
List the prime factors of 1402.
2, 701
What are the prime factors of 47772?
2, 3, 1327
What are the prime factors of 25044?
2, 3, 2087
What are the prime factors of 7379?
47, 157
What are the prime factors of 192?
2, 3
What are the prime factors of 851?
23, 37
List the prime factors of 5541.
3, 1847
List the prime factors of 731.
17, 43
List the prime factors of 58481.
58481
List the prime factors of 50893.
50893
What are the prime factors of 101601?
3, 53, 71
List the prime factors of 3684.
2, 3, 307
List the prime factors of 15226.
2, 23, 331
List the prime factors of 2620.
2, 5, 131
List the prime factors of 298.
2, 149
What are the prime factors of 1091?
1091
What are the prime factors of 39546?
2, 3, 13
What are the prime factors of 42458?
2, 13, 23, 71
List the prime factors of 76132.
2, 7, 2719
What are the prime factors of 979?
11, 89
What are the prime factors of 3181?
3181
List the prime factors of 28057.
28057
What are the prime factors of 3445?
5, 13, 53
What are the prime factors of 9696?
2, 3, 101
What are the prime factors of 4156?
2, 1039
List the prime factors of 97549.
97549
List the prime factors of 800.
2, 5
List the prime factors of 1251.
3, 139
List the prime factors of 64175.
5, 17, 151
List the prime factors of 1814.
2, 907
List the prime factors of 4014.
2, 3, 223
List the prime factors of 405.
3, 5
What are the prime factors of 16305?
3, 5, 1087
What are the prime factors of 183728?
2, 11483
List the prime factors of 993.
3, 331
What are the prime factors of 6233?
23, 271
What are the prime factors of 4679?
4679
What are the prime factors of 3179?
11, 17
What are the prime factors of 3207?
3, 1069
List the prime factors of 12094.
2, 6047
What are the prime factors of 2643?
3, 881
What are the prime factors of 61369?
7, 11, 797
What are the prime factors of 79753?
173, 461
List the prime factors of 1246.
2, 7, 89
What are the prime factors of 325?
5, 13
List the prime factors of 730.
2, 5, 73
List the prime factors of 14461.
14461
List the prime factors of 19891.
19891
List the prime factors of 501.
3, 167
List the prime factors of 19412.
2, 23, 211
List the prime factors of 154874.
2, 211, 367
List the prime factors of 3363.
3, 19, 59
List the prime factors of 4007.
4007
List the prime factors of 9636.
2, 3, 11, 73
List the prime factors of 3469.
3469
What are the prime factors of 172?
2, 43
What are the prime factors of 12139?
61, 199
What are the prime factors of 8308?
2, 31, 67
List the prime factors of 7362.
2, 3, 409
What are the prime factors of 159798?
2, 3, 26633
What are the prime factors of 397?
397
List the prime factors of 26278.
2, 7, 1877
What are the prime factors of 3805?
5, 761
What are the prime factors of 6709?
6709
List the prime factors of 758.
2, 379
List the prime factors of 2718.
2, 3, 151
List the prime factors of 159.
3, 53
What are the prime factors of 7987?
7, 163
List the prime factors of 6063.
3, 43, 47
What are the prime factors of 12188?
2, 11, 277
What are the prime factors of 3033?
3, 337
List the prime factors of 640.
2, 5
List the prime factors of 1260.
2, 3, 5, 7
What are the prime factors of 115043?
29, 3967
What are the prime factors of 469?
7, 67
What are the prime factors of 82?
2, 41
What are the prime factors of 78683?
11, 23, 311
What are the prime factors of 25909?
13, 1993
What are the prime factors of 73518?
2, 3, 12253
List the prime factors of 58764.
2, 3, 59, 83
List the prime factors of 965.
5, 193
List the prime factors of 1471.
1471
List the prime factors of 26894.
2, 7, 17, 113
List the prime factors of 1597.
1597
List the prime factors of 49145.
5, 9829
List the prime factors of 60417.
3, 7, 137
What are the prime factors of 556?
2, 139
List the prime factors of 965.
5, 193
What are the prime factors of 3556?
2, 7, 127
List the prime factors of 27301.
23, 1187
List the prime factors of 20522.
2, 31, 331
What are the prime factors of 577?
577
List the prime factors of 1252.
2, 313
What are the prime factors of 75748?
2, 29, 653
What are the prime factors of 97452?
2, 3, 2707
What are the prime factors of 13524?
2, 3, 7, 23
List the prime factors of 27856.
2, 1741
What are the prime factors of 107580?
2, 3, 5, 11, 163
What are the prime factors of 22374?
2, 3, 11, 113
List the prime factors of 5472.
2, 3, 19
List the prime factors of 328.
2, 41
What are the prime factors of 105645?
3, 5, 7043
List the prime factors of 4214.
2, 7, 43
What are the prime factors of 2304?
2, 3
What are the prime factors of 17037?
3, 631
List the prime factors of 26149.
79, 331
List the prime factors of 4931.
4931
What are the prime factors of 86?
2, 43
What are the prime factors of 1955?
5, 17, 23
List the prime factors of 2596.
2, 11, 59
What are the prime factors of 66106?
2, 33053
What are the prime factors of 4550?
2, 5, 7, 13
List the prime factors of 1111.
11, 101
What are the prime factors of 2483?
13, 191
What are the prime factors of 42903?
3, 7, 227
What are the prime factors of 12289?
12289
What are the prime factors of 44227?
47, 941
What are the prime factors of 507?
3, 13
What are the prime factors of 34421?
34421
What are the prime factors of 1358?
2, 7, 97
What are the prime factors of 1105?
5, 13, 17
List the prime factors of 26109.
3, 967
List the prime factors of 3697.
3697
What are the prime factors of 15350?
2, 5, 307
What are the prime factors of 14386?
2, 7193
List the prime factors of 355.
5, 71
What are the prime factors of 5994?
2, 3, 37
List the prime factors of 5702.
2, 2851
List the prime factors of 15538.
2, 17, 457
What are the prime factors of 2759?
31, 89
What are the prime factors of 7364?
2, 7, 263
What are the prime factors of 2844?
2, 3, 79
What are the prime factors of 3885?
3, 5, 7, 37
List the prime factors of 1704.
2, 3, 71
What are the prime factors of 945?
3, 5, 7
List the prime factors of 7788.
2, 3, 11, 59
List the prime factors of 4377.
3, 1459
What are the prime factors of 1960?
2, 5, 7
What are the prime factors of 554?
2, 277
What are the prime factors of 94100?
2, 5, 941
What are the prime factors of 9?
3
List the prime factors of 24534.
2, 3, 29, 47
List the prime factors of 1972.
2, 17, 29
List the prime factors of 15989.
59, 271
List the prime factors of 36201.
3, 11, 1097
List the prime factors of 8394.
2, 3, 1399
List the prime factors of 27703.
13, 2131
List the prime factors of 1251.
3, 139
What are the prime factors of 6335?
5, 7, 181
List the prime factors of 760.
2, 5, 19
What are the prime factors of 1373?
1373
List the prime factors of 1035.
3, 5, 23
List the prime factors of 19075.
5, 7, 109
What are the prime factors of 28817?
28817
List the prime factors of 3061.
3061
What are the prime factors of 29979?
3, 3331
List the prime factors of 18140.
2, 5, 907
List the prime factors of 1428.
2, 3, 7, 17
What are the prime factors of 5162?
2, 29, 89
What are the prime factors of 4302?
2, 3, 239
What are the prime factors of 74463?
3, 24821
What are the prime factors of 130060?
2, 5, 7, 929
What are the prime factors of 12777?
3, 4259
What are the prime factors of 5813?
5813
What are the prime factors of 795?
3, 5, 53
List the prime factors of 181.
181
What are the prime factors of 21